uppose 0 = i - 4*i - 315. Let j = i - -161. Suppose 3*v + 2*m = 4*m + 46, 5*m - j = -2*v. List the prime factors of v.
2, 3
Suppose 3*o = 6, -5*i = -4*i - 5*o + 34. List the prime factors of 6/i - (994/(-8) + -3).
127
Suppose -b + 1159 = 143. What are the prime factors of b?
2, 127
Suppose -d + 0*i - 8 = -2*i, 5 = i. Let x = 819 - 814. Suppose -d*h - 96 = -x*h. What are the prime factors of h?
2
Suppose 8 = -4*r, 2*r = 3*f + r - 3860. List the prime factors of f.
2, 643
Let z(y) = -y**3 + 9*y**2 - 4*y - 30. Let u be z(8). Suppose u*r - 294 = 168. What are the prime factors of r?
3, 7, 11
Suppose -31 = -5*f - 2*l + 4*l, 4*f = -2*l + 14. Let n = 21 + -21. Suppose n*z - g = -f*z + 29, -23 = -4*z + g. What are the prime factors of z?
2, 3
Let g(i) = 2*i + 2. Let c be g(2). Let o be (20/15)/(4/c). What are the prime factors of o/(164/52 + -3)?
13
Let q be -12 - (12/(-4) - 0). Let c = 12 + q. Suppose -5*k = c*s - 101, 2*k - 7*k - 34 = -2*s. List the prime factors of s.
3
Suppose 4 = -3*n - 5. List the prime factors of n/(9/(-6)) + 49.
3, 17
Let r(p) = -p**3 + 7*p**2 - 4*p - 2. Let y be (-2)/(-8) - (-19)/4. What are the prime factors of r(y)?
2, 7
Suppose -2920 - 6067 = -19*v. What are the prime factors of v?
11, 43
Let d be ((-12)/(-3))/(2/168 + 0). Suppose -9*a + d = -5*a. List the prime factors of a.
2, 3, 7
Let c(w) = 39 + 1 + 16*w + 10*w + 3*w. What are the prime factors of c(4)?
2, 3, 13
Suppose -4*o = -2*z - 6, 15 = 5*o - 5*z + 4*z. What are the prime factors of (3 - -2 - o) + 34?
5, 7
Suppose 4084 = 2*i + s, -2042 = -i + 8*s - 5*s. List the prime factors of i.
2, 1021
Suppose 2 - 11 = -3*v. Let z be ((-9)/6)/(v/(-2)). Suppose -j = -k - 14, 4*k + z = 3*j - 45. List the prime factors of j.
2, 5
Let k(s) = 5*s**3 - 2*s**2 + 2*s - 1. Let o be k(1). Suppose -20 = -4*l + o*x, -11 - 6 = -l - 3*x. Suppose -3*m - 115 = -l*m. What are the prime factors of m?
23
Suppose -w - 572 = -f - 5*w, 2*w = f - 554. List the prime factors of f.
2, 5, 7
Let y = 26 - 25. What are the prime factors of (1*-1)/(y/(-83))?
83
Let w(y) be the second derivative of 19*y**5/10 - y**4/12 - 2*y**3/3 + y**2/2 - 39*y. What are the prime factors of w(2)?
293
Suppose 3*u - 4*n + 14 = 0, -2*u + n - 12 = 3*u. Let o be (u - 0) + (4 - -1). Suppose o*a - 60 = 3*p, -p = 3*a - 24 - 28. List the prime factors of a.
2, 3
Let w = 3646 - 106. What are the prime factors of w?
2, 3, 5, 59
Let w(d) = d**3 - 6*d**2 + 3*d - 1. Let f be w(4). Let o = -30 - f. Let v(q) = -3*q + 19. List the prime factors of v(o).
2, 23
Let c(r) = -r**3 - 6*r**2 + 13*r - 9. Let w be c(-9). List the prime factors of 2 + -2 - -4 - (4 - w).
3, 13
Let v be (-14 - -4)*1/(-2). Suppose q - v = 0, -5*g - 5*q + 505 = -155. List the prime factors of g.
127
Suppose 68 + 251 = -4*m - d, 323 = -4*m + 3*d. Let u = -61 - m. What are the prime factors of u?
19
Let x(p) = -p**3 + 9*p**2 - 2*p + 3. Suppose 5*g + 0*d - 36 = -4*d, 3*g - 25 = d. List the prime factors of x(g).
3, 17
Let m be (-3)/((-9)/(-70))*18/(-15). Let z = m - -42. List the prime factors of z.
2, 5, 7
Let h = 16 - 58. Let w = 80 + h. What are the prime factors of w?
2, 19
Suppose -12 = q - 3*s, -5*s + 13 = -3*q - 7. Let w = q - -4. What are the prime factors of 55/10 + (-2)/w?
5
Let c = 86 - 38. List the prime factors of c.
2, 3
Let j be (3 + -77)/((-4)/2). Suppose 2*n - 3*f + 27 = 0, -3*n - 65 = 3*f + 13. Let p = j - n. What are the prime factors of p?
2, 29
Let g = 33 + 177. What are the prime factors of g?
2, 3, 5, 7
Suppose 0 = -2*t - 2*t. Suppose -2*p + 24 + 20 = t. List the prime factors of p.
2, 11
Let y = 39 - 7. Suppose -69*b = -70*b + y. What are the prime factors of b?
2
Let a = -29 - -34. Let t be ((-4)/a)/(5/(-475)). Let n = t + -48. What are the prime factors of n?
2, 7
Let v = 9948 - 5269. What are the prime factors of v?
4679
Suppose -4*a = 4619 + 581. List the prime factors of (0 - (-12)/10)/((-15)/a).
2, 13
Let p(k) = -4*k + 99. List the prime factors of p(6).
3, 5
Suppose 0 = -5*q - 3*x + 2, -1 = -2*q - 3*x - 2. Suppose 4 = -0*y + 2*y - s, -5*y = -s - 4. Suppose y = -i + q + 4. What are the prime factors of i?
5
Suppose 193171 = 87*d + 901. List the prime factors of d.
2, 5, 13, 17
Suppose 5*i + 98 + 177 = 0. List the prime factors of 4/(-10) + (-2717)/i.
7
Let k(d) = -d**2 + 14*d + 4. Let i be k(14). Suppose 4*t - i + 8 = 0. What are the prime factors of 2/2*21 + t?
2, 5
Let c be 6*(-21)/9*-1. Let f(l) = l**3 - 15*l**2 + 17*l - 8. List the prime factors of f(c).
2, 17
Let v(z) be the third derivative of -7*z**6/720 - z**4/8 + 7*z**2. Let h(u) be the second derivative of v(u). List the prime factors of h(-5).
5, 7
Suppose -38*u + 50706 = -11*u. What are the prime factors of u?
2, 3, 313
Suppose y + 0*y = 3. Suppose 4*t - t = 3*a - 207, -4*a + 271 = -y*t. List the prime factors of a.
2
Suppose 0 = -5*i - 20 + 45. List the prime factors of 1095/i + (2/(-1) - 2).
5, 43
Let z be (177/(-5) + 4)*-5. Let m = z + 3. What are the prime factors of m?
2, 5
Suppose 0 = -2*l + 5*y + 29, 0*y + 2*y - 10 = -l. Suppose -4*w = -l, 3*f = 5*f + 3*w - 1. List the prime factors of f - (-3 + (-12)/1).
11
Let d = 322 + -138. Suppose s = -3*s + d. Let n = 85 - s. List the prime factors of n.
3, 13
Let f(v) = -v**3 - 19*v**2 + 60*v + 42. What are the prime factors of f(-22)?
2, 3, 29
Let f = -136 + 157. Let i = 1107 - 778. Suppose 0 = 7*m - i + f. List the prime factors of m.
2, 11
List the prime factors of (-114)/76*790/(-3).
5, 79
Let n(m) = 36*m**2 - 1. Suppose 2*i + 0*i = -o + 23, 0 = 4*o - 3*i - 81. Let y be (-12)/16 + o/12. List the prime factors of n(y).
5, 7
List the prime factors of 6/(-11) - 1/(-22)*56134.
2551
Let u = 73 + 2168. What are the prime factors of u?
3, 83
Let p = 7 - -6. Let o = 13 - p. Suppose -4*r - 2*d - 3*d + 164 = 0, o = 2*r + 3*d - 84. What are the prime factors of r?
2, 3
Let x = 1820 - 485. What are the prime factors of x?
3, 5, 89
Suppose 0 = 41*s - 5*s - 792. Suppose -d + 4*v + 9 = -0*d, 53 = -3*d - 4*v. List the prime factors of d/s*88/(-2).
2, 11
Suppose 0 = -5*o + 5*t + 665, 5*o - 4*t - 1149 = -480. Suppose -5*l = 2*k - o, -5*l = -k - 3*k + 349. What are the prime factors of k?
3
Suppose -2*c = -3*c. Suppose c = -2*o - 3*o + 80. Suppose 3*v - 92 = -2*v + 3*b, -4*b - o = 0. What are the prime factors of v?
2
Suppose 0 = 2*h + t - 4383, -4*t - 239 = -5*h + 10738. List the prime factors of h.
3, 17, 43
Let u(w) = 3*w**2 + 3*w + 18. Let v(m) = 3*m**2 + 2*m + 18. Let x(t) = 5*u(t) - 4*v(t). What are the prime factors of x(-4)?
2, 19
Let n be (-5)/(-10)*(1 - -3). Suppose -4*v - 12 = n*i - 6*i, -i = -2*v - 8. What are the prime factors of 53*(v + 4)/(-1)?
53
Let m(o) be the first derivative of -38*o**2 - 2*o - 1. Suppose 17*l - 10*l + 7 = 0. List the prime factors of m(l).
2, 37
What are the prime factors of (1 - 2) + (-11 - (-1490 + -1))?
3, 17, 29
List the prime factors of ((-574)/(-6))/((-18)/(-108)).
2, 7, 41
Let r be (-800)/6*(-135)/60. Suppose 5*g = r - 105. What are the prime factors of g?
3, 13
Let i = 5 + -2. Let c = -2 + i. List the prime factors of (-1 - -2) + 3/c.
2
Suppose 5*j - 2*y - 971 = 0, -4*j + 3*y + 782 = 4*y. Suppose -j = -2*z - z. Suppose -2*q + z = 3*q + 5*d, -2*d = 4. List the prime factors of q.
3, 5
Let s(m) = 2*m - 3 - 2 + 16*m + 0. What are the prime factors of s(3)?
7
Let o = 12 - 13. Let c(x) = -7*x**3 + x**2 - 1. Let a be c(o). Suppose -5*s = -a - 8. What are the prime factors of s?
3
Suppose 45 = 11*g - 2*g. Let y be 57 + 0*(-2)/(-4). Suppose 0 = -g*u + 168 + y. List the prime factors of u.
3, 5
Suppose -5*s + 68 + 962 = 0. Suppose s = -4*y + 42. Let z = y + 59. List the prime factors of z.
2, 3
Let l(m) = -2*m**3 + 2*m**2 - 7*m + 7. What are the prime factors of l(-11)?
2, 3, 83
Suppose 36*m - 140572 = -13744. List the prime factors of m.
13, 271
What are the prime factors of (-278)/((-44)/(-33)*3/(-22))?
11, 139
Let d(c) = -2*c + 1. Let s be d(-1). Suppose -s*v + k - 5*k = -32, -k = 4*v - 21. Suppose -2*i + 10 = 0, -v*l + 5*i = i - 80. What are the prime factors of l?
5
Suppose -3*i - 14 - 7 = -3*t, 3 = -4*i - t. Let s(f) = -5*f**2 - 2*f + 2. Let h be s(i). What are the prime factors of 4/(-8)*(h + -2)?
2
Suppose -s = -4*u + 48, 3*s - s + 96 = u. Let y(g) = -g + 5. Let w be y(-3). What are the prime factor